t is the value of -281 + 373 + (-2 - 94)?
-4
What is the value of (-366 + 384 - (-1 - -14)) + -34 + 9?
-20
-1 + 84 + (-71 - -45)
57
Evaluate -1 + (-165 + 235 - (-18 + -1 + 2)).
86
Calculate (221 - 241) + (2 - (-10 - 3)).
-5
What is the value of (-117 - -10) + (61 + -10 - 27)?
-83
Calculate 40 + -2 + 0 - (-3309 + 3272).
75
Evaluate 7 + 14 + 4 + -15.
10
What is -3 + -3 + 69 + (-394 - -373)?
42
What is 37 + 11 + -11 + -1 + 12 + -16?
32
-136 + 238 - (1 - (-6 + -7))
88
What is -39 - (-46 + -64 - -54)?
17
Evaluate 31 + -1 + 754 + -822.
-38
What is the value of (-28 + -32 + 24 - -42) + 0 + -88?
-82
Calculate 13 + 43 - (41 + -6).
21
3 + 22 + (-11 - -25 - 50) - 96
-107
Calculate -23 + 70 + (86 - 150).
-17
What is the value of 39 + -5 + -43 - (8 - 50)?
33
Evaluate (5 + 3 - -3) + (31 + -23 - -14).
33
What is -110 - (1 + 10 + 0 + 0 + 5372 + -5383)?
-110
Evaluate (-2 - (107 + -209)) + -67.
33
-4 - (41 - 24) - 19
-40
Evaluate -73 + -1 + -3 + 6 - (10 + -7 + 5).
-79
-50 - ((-8 - 0) + (63 + -36 - 8))
-61
Evaluate -8 + (-18 + 0 - -56) - 0.
30
What is (-44 - -121) + 12 + -62?
27
What is the value of -39 + (-48 - -60) + -2 + 4 + 11?
-14
Evaluate (21 + -12 - (-34 + -3)) + -2 + (0 - -8).
52
What is 9 - ((-29 - -95) + -23 + -6)?
-28
What is (1391 - 1361) + (-6 - (2 + -1))?
23
Calculate 22 - (10 - 124) - 29.
107
(-71 - -2) + (-368 - -469)
32
Calculate 50 + -31 + -1 - 25.
-7
Calculate -8 - (-5 + -9 + 1 + (-6 - -32)).
-21
What is the value of -37 - (66 + -6 + -34 - 17)?
-46
What is -369 + 269 + 6 + 30?
-64
What is the value of 50 + -12 + -38 + -39?
-39
Evaluate 21 - (44 + 27) - 29.
-79
-243 + 249 - (13 + -1 - -3)
-9
-100 - (60 - 22 - 98)
-40
-157 + (-7 - -171) + -1 + 28 + 2
36
What is the value of (57 - 0) + 10 - (-4 + 0) - (378 - 380)?
73
1416 - 1436 - (-2 - (1 + 0 + 0))
-17
What is -26 + 14 + (-1 - 19)?
-32
(-11 - -35) + 0 + (-90 + -3 - 2)
-71
What is 65 - ((1086 - 1088) + (14 - (2 + 1 + -1)))?
55
9 - (-10 + 16) - (-1 + 7 - 2)
-1
What is (0 - 11) + 1134 + -1151?
-28
Calculate 1 + (-2 + 3 - 2) - (-44 + (-24 - -86)).
-18
What is the value of -33 - (26 - (-4 + -14 + 73))?
-4
228 + -260 + (-45 - -56)
-21
What is -74 - (19 - (137 + -179))?
-135
What is 8 + -1 + 36 + -10 + 3 + 28 + -8?
56
What is the value of 0 + -4 + (16 + 0 - (658 - 608))?
-38
-8451 + 8491 + -62 + 1
-21
What is the value of (-12110 - -12117) + (-38 + 1 - 0)?
-30
Calculate -152 + 37 - (5 + -56).
-64
Evaluate -216 + 134 - (-65 + -66).
49
What is the value of -20 + (35 - 12) + 16 + 101 - 11?
109
93 + -93 + 32 - (-6 - -105)
-67
Evaluate -69 + (-34 + 40 - (3 + -5)).
-61
Evaluate -58 + (-1 - -9 - (11 - -6 - (40 + -36))).
-63
Calculate (-3 + 4 + 58 + -31 - 11) + (-25 - -12).
4
Evaluate 2 + 1 - 1 - ((-48 - -22) + 48).
-20
What is the value of (-101 - 30) + (-71 - -92)?
-110
Calculate 1540 + -1659 - (-8 - 107).
-4
-75 + 19 + 60 + -21
-17
-8 + 0 + -7 + 5 - (-155 + 208)
-63
Calculate 178 + -211 + -8 + 48 + 64.
71
-45 + -35 + 65 - -30 - (4 - (11 + -2))
20
Evaluate -63 + (8 - 13 - (-12 + -2)) - (8 + -16).
-46
What is 6 + (-5 + 9 - (-11 + 8 - (0 + 3)))?
16
What is the value of -292 - -497 - (89 + 2) - ((1 - -3) + 1)?
109
Evaluate (-7 - -1) + -4 - ((15 - 20) + 3 + 45).
-53
-1 + 39 - (-15 - (-55 - -32) - 19)
49
What is the value of (-2 + -22 - (-90 - -86)) + -4?
-24
Evaluate 53 - (15 - (-5 + 0)).
33
Calculate -39 - (-18 - -33) - -104.
50
Calculate (41 - 10 - 54) + 9.
-14
-15 - (-11 - 38 - (36 + -61))
9
Calculate 29 - 114 - 12 - -10.
-87
What is 142 + -26 + -94 - 130?
-108
-2 + -60 - (973 + -990)
-45
Evaluate -20 + (-27 + 14 - -66 - 20).
13
Calculate 30 - (3 + (-12 + 8 + -11 - -15)).
27
Evaluate 1 - 4 - -1 - -6 - (5 + -30 - -24).
5
Calculate (79 - -27) + -139 + -15.
-48
What is -42 + 98 - 93 - 5?
-42
Evaluate -65 + 51 - (5 - (-21 - 4)).
-44
Evaluate -4 + -17 + 19 + 24 - 20.
2
Calculate -9 - (8 + -9) - (-87 + 82).
-3
Calculate (-141 - -51) + -16 + (26 - -4).
-76
What is 179 - (-1655 - -1609 - (2 + -80))?
147
(40 + 0 - 52) + 50 + 24
62
(2 - 1) + 17 + (20 - 62) + -22 + 21
-25
1 + -44 - (-53 - -64)
-54
What is the value of -10 - ((15 - (-7 + 25)) + -40)?
33
Evaluate -58 + -26 + (9 - -22).
-53
Calculate (-25 - (-29 + 17)) + -1 - (-2 + -13 - -1).
0
What is the value of 11 - (11 + (-24 - 3) + (5 - -5) - -68)?
-51
What is (11 - 30 - -8) + 21 + (13 - 25 - -20)?
18
Calculate -7 + (14 - (17 - -23) - -19).
-14
Calculate -21 + 355 + -411 + (-18 - -3).
-92
What is the value of 6 + -38 + 33 + (-41 - 8)?
-48
Calculate -12 + 7 + -1 + 86 + 10.
90
Evaluate (32 + 50 - 90) + (-5 - 3).
-16
Evaluate -29 + 0 - (-53 - (-81 + 54)).
-3
What is -65 - (-14 + 5) - -76?
20
35 + 4 + -2 + -19 + -16
2
Calculate (34 - ((-3 - -14) + 12) - -11) + -23.
-1
What is 0 - 35 - (-29477 + 29345)?
97
Evaluate -4 - 43 - (1 - ((8 - 4) + 4) - -6).
-46
Evaluate -27 + (27 - 16) - -49.
33
115 - 98 - (1 - 1)
17
-82 + 1 + -2679 + 2687
-73
What is 127 - (3 - 16) - ((0 - 7 - -11) + 8)?
128
What is -133 - -273 - (-35 + 24 - (-11 - 0))?
140
-1 + 25 - (-100 - (-86 + -31)) - (56 + -1)
-48
Evaluate -57 + 30 - (4 - 11 - 4 - (-1 - 0)).
-17
Evaluate -28 + (-11 - (-19 - -3)).
-23
What is -78 + (-99 - (-4 - 264))?
91
13 - (10 + 85 + -167)
85
Calculate 109 + -39 - (-30 - -139).
-39
Calculate 60 - (37 + 56 - 50).
17
Evaluate (729 - 782) + (11 - -1) + 10 + -9 + -7.
-47
Evaluate -13 + 6 + 14 + (393 - 373).
27
What is the value of -3 - 24 - (-43 + 40) - -31?
7
What is (194 - 130) + (-3 - (6 - -4))?
51
What is -4 + -8 + 10 + (4 + -13 - (-3 - 6))?
-2
Evaluate -3 + (-2 - (-7 - -5 - -7 - -5)).
-15
Evaluate -11 - (2 + -5 - 92 - (-6 + (-2 - -6))).
82
What is the value of (-2 - 22) + (16 + 0 - 25) + 6?
-27
Evaluate 31 + -54 - -111 - 38.
50
Evaluate -10 + (24 + -11 - (-11 + 10)).
4
What is the value of (2 - -2 - (-1 - 99 - 3)) + (-297 - -290)?
100
What is the value of 0 - (-12 + 8) - (2 + -8 + -3 + -31)?
44
-5 - ((31 - 9) + 24)
-51
Evaluate (12 + (5 - 11) - -1) + (40 - -2).
49
What is the value of -41 + 0 + -303 + 357?
13
What is (-33 - -60 - (-28 + 73)) + (1 - -59)?
42
What is 69 - 57 - (6 + 0) - (-111 - -18)?
99
Evaluate (2 - -11) + (-66 + 4 - -52) - -5.
8
What is -46 + (48 - -13) - -7?
22
Calculate 1 + (95 - (217 - 116)) + (1 - 2 - 57).
-63
(-21 - (-11 + -10) - 3 - (0 - -1)) + -81
-85
Evaluate -30 + 30 + (0 - (-1 - 21)).
22
-16 + (54 - 42) + 4 + (8 - 11 - -62)
59
(62 - -16 - 27) + 5 + 0 + 0 + 1
57
What is the value of -2 - (31 - (36 - 33))?
-30
Calculate -218 + 247 - (-5 + -7 + (6 - 4)).
39
Calculate 8 - ((-23 - 13) + 57) - -40.
27
What is 79 + -12 + -10 + 40 + -24 + 3?
76
What is 35 + (-114 - -31 - -48)?
0
Calculate (2 + 18 - (-17 - -78)) + -13.
-54
What is (8 - ((-53 - -31) + -3)) + 2?
35
What is -10 + 4 + -3 - (-22 + (-20 + 9 - -12))?
12
Evaluate 2 + 0 + -1 + 4 + 20 + 6.
31
Evaluate 47 + (-1 - (3 + (13 - 7 - -5))).
32
Calculate 18 - (-92 + 93 + (-1 - -19)).
-1
What is the value of (45 - (82 + 12)) + 63?
14
Calculate 104 + -17 + 8 + -128 + 124 + (-1 - -10).
100
44 + -4 + -274 + 252
18
(-2 + 15 - 8) + -39 + 13
-21
What is the value of 10 - 10 - (134 + -134 + 11 + (2 - -1))?
-14
What is the value of 16 + (42 - (-1 - -14))?
45
Evaluate 3 - (-1 + -1 + (36 - 38 - -32)).
-25
Calculate 37 + -101 - -101 - (-7 - -9).
35
What is 55 + -38 - -31 - 21?
27
1 - -5 - (1946 - 1915)
-25
What is (19 - 39) + (3 - 8 - (-97 - 23))?
95
What is (11 - (-33 - -20) - 11) + (-61 - 0)?
-48
(-39 - (-34 + -19)) + 1 + 11
26
What is the value of -49 + 54 + (5 - 5) + (-2 - 40 - -5)?
-32
Calculate (1 - -15 - (894 - 915)) + -11 + -1.
25
Calculate 12 + 36 + -190 + (34 - 0).
-108
What is the value of 6783 + -6806 + 1 + -21?
-43
What is 77 - (21 + 29) - 70?
-43
112 - -3 - (-82 + 248)
-51
What is the value of (-6 - -1) + (16 - 4 - -7 - 31)?
-17
What is -391 - -385 - (3 + -61)?
52
Evaluate -24 - (8 - 47 - -21) - -11.
5
What is 97 - (-78 + 109 - -94)?
-28
What is the value of -43 - (4 + (0 - (-10 - -3 - -6)))?
-48
What is the value of -179 + 184 + (37 - (-4 + 5 + 0))?
41
Calculate (60 - 117) + 114 - -58.
115
Calculate 2 - (-14 + 6 + -6 + 7 + -4 - -8).
5
Evaluate 79 - (96 + -68 - -102).
-51
Calculate 2 + -33 + 1205 + -1168.
6
Calculate (-35 - (18 + -47)) + (0 - 7) - (-41 + -1).
29
Evaluate -63 - (-26 - -31) - -16.
-52
Evaluate -2 + 151 - (97 + (-182 - -120)).
114
Evaluate 50 + 3 + -6 + 5 + 5 + -9.
48
What is -10 - (35 + 55 + -116)